umber?
False
Is 6204257 composite?
False
Is 107265947 prime?
True
Is 3731683 a prime number?
True
Is 368654441 a composite number?
False
Is 289798313 a composite number?
True
Is 796678 prime?
False
Is 122269783 a composite number?
True
Is 29220043 composite?
True
Is 371165423 prime?
True
Is 3864757 a composite number?
True
Is 26455433 a prime number?
False
Is 137120567 a prime number?
True
Is 74197703 composite?
False
Is 24631381 prime?
False
Is 1917389 prime?
False
Is 5501383 a composite number?
True
Is 21849634 a prime number?
False
Is 10877863 a prime number?
True
Is 5044577 a prime number?
True
Is 113264395 a composite number?
True
Is 304940743 a composite number?
True
Is 1884269 composite?
True
Is 4894613 a composite number?
True
Is 16220671 a composite number?
False
Is 829406 a prime number?
False
Is 2157851 a prime number?
True
Is 7766533 a composite number?
False
Is 201192673 a prime number?
False
Is 508879561 prime?
False
Is 85568267 a composite number?
True
Is 31028915 a prime number?
False
Is 2849123 prime?
True
Is 5693335 composite?
True
Is 5655533 prime?
False
Is 508721 a composite number?
True
Is 393989 composite?
False
Is 760607 a composite number?
False
Is 561479 a composite number?
True
Is 5409571 a composite number?
False
Is 252588439 a prime number?
False
Is 19852757 a prime number?
False
Is 59650163 a prime number?
True
Is 12526337 prime?
True
Is 4668163 a composite number?
False
Is 341918959 prime?
False
Is 26113279 a prime number?
True
Is 11121823 a prime number?
True
Is 31564235 a prime number?
False
Is 53422463 prime?
False
Is 32926381 prime?
True
Is 24943 prime?
True
Is 300778103 a prime number?
False
Is 73683487 a composite number?
False
Is 184595185 prime?
False
Is 4757069 a prime number?
False
Is 10515161 prime?
False
Is 203225119 a prime number?
False
Is 745517 a composite number?
False
Is 45743 a composite number?
True
Is 90509 a composite number?
True
Is 2769999 composite?
True
Is 405135673 prime?
True
Is 18365057 prime?
True
Is 5565929 composite?
True
Is 11079115 a composite number?
True
Is 9627655 prime?
False
Is 54386993 composite?
False
Is 2628299 a prime number?
False
Is 71888899 prime?
True
Is 30364319 a prime number?
True
Is 73082393 a prime number?
True
Is 34742957 prime?
False
Is 136394443 a composite number?
False
Is 79111141 a composite number?
False
Is 20383791 a prime number?
False
Is 49836757 composite?
True
Is 131240807 a prime number?
True
Is 55614347 a prime number?
False
Is 4791737 composite?
False
Is 50277173 a composite number?
True
Is 18299627 a composite number?
True
Is 79400369 prime?
True
Is 4663349 a composite number?
False
Is 3484489 composite?
False
Is 99271871 composite?
False
Is 11086653 composite?
True
Is 12104611 a composite number?
True
Is 54862351 composite?
False
Is 21378883 composite?
False
Is 78922091 a composite number?
False
Is 14379721 prime?
True
Is 93302249 composite?
True
Is 12107317 prime?
False
Is 17348167 a composite number?
False
Is 146034139 a composite number?
False
Is 597866419 composite?
False
Is 258367 composite?
True
Is 36595483 composite?
False
Is 98575133 a prime number?
False
Is 582965 a prime number?
False
Is 55510249 a prime number?
False
Is 73842061 a prime number?
True
Is 20915459 a prime number?
True
Is 90376201 a composite number?
True
Is 502121 composite?
False
Is 380707 composite?
False
Is 5427629 a composite number?
False
Is 186154 a prime number?
False
Is 6594229 prime?
True
Is 51130843 a composite number?
True
Is 120771499 a prime number?
False
Is 432116593 a composite number?
False
Is 59182413 a composite number?
True
Is 4477313 a prime number?
True
Is 148133521 a prime number?
True
Is 1542347 composite?
False
Is 19635793 a composite number?
False
Is 2728207 a composite number?
False
Is 183601 a composite number?
True
Is 199229941 a composite number?
True
Is 18007789 a prime number?
False
Is 494393689 a prime number?
True
Is 1451441 a composite number?
True
Is 901716737 a composite number?
True
Is 3797539 composite?
False
Is 420133163 prime?
False
Is 154891 composite?
True
Is 77395567 a prime number?
True
Is 2350001 a composite number?
False
Is 167793307 a prime number?
False
Is 97587071 a composite number?
True
Is 123787 prime?
True
Is 9431321 prime?
True
Is 154565503 a composite number?
False
Is 177132347 a composite number?
True
Is 322704755 composite?
True
Is 103489 prime?
False
Is 15806657 a prime number?
True
Is 8909753 a prime number?
False
Is 34287743 a prime number?
False
Is 774007 a composite number?
True
Is 8526917 a prime number?
False
Is 673460499 prime?
False
Is 240729089 a prime number?
True
Is 7903771 prime?
False
Is 40961 a prime number?
True
Is 95353469 composite?
True
Is 24435193 composite?
False
Is 2252689 a prime number?
False
Is 3307403 composite?
True
Is 1089917 prime?
True
Is 503978459 composite?
True
Is 24919109 a prime number?
False
Is 13256527 a prime number?
True
Is 232005073 a prime number?
False
Is 165267607 a composite number?
True
Is 76729053 a prime number?
False
Is 283834477 prime?
True
Is 5423311 a prime number?
True
Is 11693989 a prime number?
False
Is 293727839 composite?
False
Is 462619151 a composite number?
True
Is 883409 prime?
True
Is 4930269 a composite number?
True
Is 2788207 a prime number?
False
Is 62406763 composite?
False
Is 13446115 a prime number?
False
Is 50328943 prime?
False
Is 3442487 a prime number?
True
Is 13083673 a prime number?
True
Is 81398137 a prime number?
False
Is 27903283 a prime number?
False
Is 3731311 a prime number?
True
Is 1022317 a prime number?
False
Is 55668583 a prime number?
False
Is 37038363 composite?
True
Is 5504333 a composite number?
False
Is 526130755 prime?
False
Is 236186443 prime?
False
Is 32179517 composite?
False
Is 860239 a prime number?
True
Is 3511357 composite?
True
Is 7432907 a composite number?
False
Is 1414207 a composite number?
False
Is 8495657 a composite number?
False
Is 4553363 prime?
False
Is 345074477 a composite number?
True
Is 23933057 a prime number?
True
Is 51463393 a composite number?
False
Is 592387 composite?
False
Is 106712891 prime?
True
Is 7381034 composite?
True
Is 144187807 a composite number?
False
Is 4665209 a prime number?
True
Is 74564149 composite?
True
Is 2359487 a prime number?
False
Is 113279 a composite number?
False
Is 876934 composite?
True
Is 846227827 prime?
True
Is 3083581 prime?
True
Is 224597603 prime?
True
Is 1859308921 a composite number?
True
Is 820487 a prime number?
False
Is 236375597 a prime number?
True
Is 1246057 composite?
False
Is 730227367 prime?
False
Is 36354707 a composite number?
False
Is 2637641 a composite number?
True
Is 17669651 composite?
True
Is 38144578 composite?
True
Is 2141213 a composite number?
False
Is 2642821 a composite number?
False
Is 23372513 prime?
True
Is 43113049 prime?
False
Is 315082867 prime?
False
Is 24287617 prime?
True
Is 1813501 prime?
False
Is 43780573 composite?
False
Is 90653149 prime?
True
Is 26525891 a prime number?
False
Is 143720719 composite?
True
Is 59116017 a prime number?
False
Is 316599887 a prime number?
False
Is 10194533 a prime number?
True
Is 5556619 prime?
True
Is 15729401 prime?
False
Is 31880239 a prime number?
True
Is 45702767 a composite number?
True
Is 21563641 a composite number?
True
Is 264569 a prime number?
False
Is 2109269 a prime number?
True
Is 1411373 composite?
True
Is 1718861 a composite number?
False
Is 54085061 a composite number?
False
Is 16236541 a composite number?
False
Is 190062371 composite?
True
Is 42671381 a composite number?
False
Is 75707233 composite?
True
Is 154741537 a prime number?
True
Is 2412899 a prime number?
True
Is 11325089 a prime number?
False
Is 2004985 a prime number?
False
Is 2804498 a composite number?
True
Is 14294701 a composite number?
True
Is 1347565 prime?
False
Is 49783813 prime?
True
Is 6310061 a prime number?
True
Is 15095287 prime?
True
Is 1148677 a composite number?
False
Is 23173933 composite?
False
Is 556441 composite?
False
Is 22133417 a composite number?
False
Is 16172417 a prime number?
True
Is 20367197 a composite number?
True
Is 85878551 a composite number?
True
Is 18986767 a composite number?
False
Is 23560087 composite?
True
Is 1448479 prime?
False
Is 272246834 a composite number?
True
Is 4229881 